ase 15, what is c2e - -3d?
c6c
In base 10, what is -2 - 974?
-976
In base 5, what is 23200232 - 4?
23200223
In base 13, what is -22 + -66?
-88
In base 7, what is 4 - -23526?
23533
In base 11, what is -74a18 + 10?
-74a08
In base 10, what is 61 + -341?
-280
In base 9, what is 15418 - -1?
15420
In base 3, what is -12202211111 + 11?
-12202211100
In base 7, what is 5 - -161312?
161320
In base 16, what is -b41 + 83?
-abe
In base 14, what is 10416d + -1?
10416c
In base 8, what is 22505 + -61?
22424
In base 10, what is 233 + 3615?
3848
In base 13, what is 0 - 77949?
-77949
In base 10, what is 640384 + -2?
640382
In base 3, what is 12022 - 20000?
-201
In base 7, what is 15 - -30124?
30142
In base 15, what is -236 + -802?
-a38
In base 15, what is -4 + 653d?
6539
In base 3, what is 22100110 + -1201?
22021202
In base 6, what is -121514 + -3?
-121521
In base 6, what is 140 + 253?
433
In base 16, what is -b75a + 5?
-b755
In base 6, what is 30 - 145004?
-144534
In base 16, what is -3 - 2c86?
-2c89
In base 16, what is f923 - 24?
f8ff
In base 9, what is 0 - -74023?
74023
In base 9, what is -274 - -575?
301
In base 12, what is -6aaa + 15?
-6a95
In base 12, what is -7 + 3444?
3439
In base 5, what is -330 + 204?
-121
In base 12, what is 9ab - -26?
a15
In base 3, what is 1022122 - -2102200?
10202022
In base 2, what is -101001 + 1011010101111?
1011010000110
In base 13, what is -4 + -c7905?
-c7909
In base 13, what is 33c - -13?
352
In base 13, what is 1a - -2413?
2430
In base 2, what is -100010010 - -1110?
-100000100
In base 2, what is 100 - -111010110001?
111010110101
In base 16, what is -4 + -36f5?
-36f9
In base 15, what is -3 + 55d?
55a
In base 10, what is -4633 - -5?
-4628
In base 2, what is -10110011011 - -1?
-10110011010
In base 3, what is 1010222110 + 10?
1010222120
In base 11, what is -2 + 781?
77a
In base 5, what is 21102003 - 122?
21101331
In base 16, what is -2 + 69c0?
69be
In base 16, what is -2f155c - 0?
-2f155c
In base 8, what is -11124 + -24?
-11150
In base 13, what is 25 + 32a?
352
In base 9, what is -7 - -11680?
11672
In base 11, what is 1607 + 3?
160a
In base 11, what is 97 + 94?
180
In base 13, what is -c8c + 184?
-b08
In base 12, what is -4777a + 2?
-47778
In base 6, what is 243 + 231541?
232224
In base 6, what is -25 + 1230113?
1230044
In base 5, what is -10 - -130023?
130013
In base 13, what is 1297 - 7?
1290
In base 14, what is 542 + -11?
531
In base 6, what is -1 - 4503010?
-4503011
In base 3, what is 2 + -1211221111212?
-1211221111210
In base 2, what is -100 + -10001111100000001011?
-10001111100000001111
In base 9, what is -5 + 27875?
27870
In base 2, what is -100100101010011 - 11?
-100100101010110
In base 13, what is -146 - -c2?
-54
In base 11, what is -30 - 4309?
-4339
In base 11, what is -1457 + a1a?
-538
In base 10, what is -1237 + 192?
-1045
In base 5, what is -1 + 323444014?
323444013
In base 16, what is -12b01 + 3?
-12afe
In base 5, what is 3401230 + 3?
3401233
In base 8, what is -64 - -1522?
1436
In base 2, what is 10 + 111101010110011?
111101010110101
In base 13, what is 51 + -993?
-942
In base 9, what is 1 - -10182?
10183
In base 14, what is 283a - -25b?
2a97
In base 16, what is 11 + 2b14d?
2b15e
In base 13, what is -436 + -169?
-5a2
In base 16, what is 0 + -7bf1?
-7bf1
In base 16, what is -5 + -10ef5?
-10efa
In base 6, what is 15445 + -4?
15441
In base 12, what is 14b5 + 19?
1512
In base 4, what is -10 - 113133?
-113203
In base 15, what is 46 - 44e?
-408
In base 5, what is -10 + -21200031?
-21200041
In base 6, what is -30155 - 20?
-30215
In base 11, what is 617 + -195?
432
In base 6, what is 20301 + 20?
20321
In base 5, what is -140240004 - -2?
-140240002
In base 6, what is -13143 + 104?
-13035
In base 10, what is 205 + -2?
203
In base 15, what is 11 + 1445?
1456
In base 15, what is -9 - -4d6e?
4d65
In base 7, what is -4 - 126403?
-126410
In base 11, what is 887 + -1a?
868
In base 9, what is 7 + -485485?
-485477
In base 15, what is 2e97 - -1?
2e98
In base 16, what is -133 - 100?
-233
In base 10, what is 34635 - -1?
34636
In base 7, what is 56250 - -10?
56260
In base 12, what is 36a6 - -21?
3707
In base 14, what is 36d - -5?
374
In base 14, what is -18 + -430c?
-4326
In base 5, what is -1131412 - -1?
-1131411
In base 11, what is -144 + -5474?
-5608
In base 14, what is 6c - 2110?
-2082
In base 15, what is 67 - -313?
37a
In base 6, what is -115443 + 12?
-115431
In base 2, what is 10110011111101000 - -100?
10110011111101100
In base 14, what is 5 - -2071?
2076
In base 10, what is 4539 - -3?
4542
In base 9, what is 13 + 12825?
12838
In base 7, what is -21543261 - 4?
-21543265
In base 6, what is -210 - 1430?
-2040
In base 15, what is 3 + -83d3b?
-83d38
In base 16, what is 4dc9 - 2?
4dc7
In base 13, what is -3781 - 162?
-3913
In base 3, what is -12 - 1211020102?
-1211020121
In base 6, what is -201211 + -14?
-201225
In base 8, what is 60502 + -1?
60501
In base 4, what is -3 + -1000212330?
-1000212333
In base 10, what is 619 + 7209?
7828
In base 6, what is 2510225 - 4?
2510221
In base 14, what is 39 - -812?
84b
In base 10, what is -5031 + -24?
-5055
In base 10, what is -428 - -416?
-12
In base 3, what is -1001012000 - 120?
-1001012120
In base 14, what is 3 - -55757?
5575a
In base 12, what is -15565 - 33?
-15598
In base 16, what is 1 - 7dfc?
-7dfb
In base 7, what is -1322 + 301?
-1021
In base 2, what is 11001101 + 11001100001?
11100101110
In base 6, what is 53323 + -153?
53130
In base 13, what is 3 + 16c33?
16c36
In base 10, what is -4 + 31928?
31924
In base 10, what is 1843 + 1?
1844
In base 10, what is 5 + 76869?
76874
In base 10, what is 3 - -59868?
59871
In base 7, what is 5035351 - 1?
5035350
In base 6, what is -3121324 + 31?
-3121253
In base 11, what is 2823 - a?
2814
In base 7, what is 251653 + -3?
251650
In base 5, what is -121410 + 301?
-121104
In base 6, what is 405242 - 4?
405234
In base 6, what is -101 + 2155?
2054
In base 6, what is 2542514 + 4?
2542522
In base 16, what is -a4 - 30?
-d4
In base 7, what is 46 - -10?
56
In base 6, what is -144512201 + -1?
-144512202
In base 9, what is 5 - 56646?
-56641
In base 13, what is -1010c + 3?
-10109
In base 12, what is 103b6 - -147?
10541
In base 5, what is 0 + 102040?
102040
In base 6, what is 10001420 - -4?
10001424
In base 2, what is 1010100001010110010010 - 11?
1010100001010110001111
In base 16, what is 274f + -1f?
2730
In base 15, what is -47ceae - 0?
-47ceae
In base 2, what is -10100 + -101011100?
-101110000
In base 8, what is -3 - -573456?
573453
In base 13, what is -1746 - 19?
-1762
In base 10, what is 3 - 137749?
-137746
In base 2, what is -101001111 - 111100010?
-1100110001
In base 7, what is 26 - -341?
400
In base 14, what is -1b214 - -3?
-1b211
In base 15, what is -23 + 1551?
152d
In base 2, what is -101000011 + 100011110000?
11110101101
In base 9, what is -2244 + -23?
-2267
In base 8, what is 151556 + -24?
151532
In base 5, what is 32012 - 1014?
30443
In base 15, what is -b1 - -18e?
cd
In base 11, what is -50 - -32870?
32820
In base 4, what is 110 - -3113132?
3113302
In base 6, what is 1 + -1101451?
-1101450
In base 3, what is -101120002102 + 2?
-101120002100
In base 7, what is 6422 + 21?
6443
In base 14, what is -3 + -6112?
-6115
In base 7, what is -1 - 1045?
-1046
In base 6, what is 2 + 141004?
141010
In base 7, what is -24 + 1120?
1063
In base 8, what is -5 - 24532?
-24537
In base 14, what is -115 - -934?
81d
In base 6, what is 1052 + -205135?
-204043
In base 13, what is -10527ba + -3?
-10527c0
In base 10, what is -997171 - -1?
-997170
In base 5, what is 304121243 + 4?
304121302
In base 15, what is -401 + -3cd?
-7ce
In base 8, what is -730666 + 0?
-730666
In base 2, what is -1001 - 10000110011000010?
-10000110011001011
In base 10, what is 6 - 58954?
-58948
In base 16, what is 3 + -2816?
-2813
In base 7, what is 4 - -15020660?
15020664
In base 13, what is -1 - 164a0?
-164a1
In base 10, what is -10 + -58130?
-58140
In base 6, what is -32003234 + -3?
-32003241
In base 14, what is -4a3 + -17?
-4ba
In base 15, what is 5 + -eead?
-eea8
In base 11, what is 126 + 3641?
3767
In base 15, what is 4 - 292?
-28d
In base 12, what is 6a84 + 34?
6ab8
In base 13, what is 1106 + 55?
115b
In base 16, what is -4 + 31fda?
31fd6
In base 5, what is -1021 + -222?
-1243
In base 3, what is 1222